z(3)?
-7
Let c(g) = -g**2 + 3*g - 1. Let x = 71 - 69. Calculate c(x).
1
Let h be (0 - -3) + -1 + 1. Let s(p) = p - 5. Let n(b) = -10*b + 26. Let l(x) = -n(x) - 5*s(x). Calculate l(h).
14
Let c(l) be the third derivative of l**6/360 + l**5/40 - l**4/12 - l**3/6 + l**2. Let j(g) be the first derivative of c(g). Calculate j(-5).
8
Let i = 46 + -40. Let s(a) = -a**2 + 6*a - 9. Determine s(i).
-9
Let x(p) be the third derivative of p**6/24 + p**4/24 + 12*p**2. Determine x(1).
6
Suppose a + 8 = -a. Let j(q) = -3*q**2 - 2*q + 1. Let p(c) = 2*c**2 + c. Let y(z) = 3*j(z) + 4*p(z). Calculate y(a).
-5
Let w be 4/8 + 11/(-2). Let c be (-3)/5 - (-2)/w. Let l(k) = -k - 1. Give l(c).
0
Let n(m) = m**3 + m**2 - m - 1. Let s(g) = -4*g**3 - g**2 + 2*g - 1. Let y(t) = -5*n(t) - s(t). Suppose 5*o = -4*p - 36, 3*o = 2*o - 2*p - 12. Calculate y(o).
-6
Suppose 0 = -2*b - 7 + 21. Suppose 106 = 5*i - 3*t, 0*t = t + 2. Suppose 5*j - i = 0, -4*j + b = 3*d - 3*j. Let f(y) = y. Determine f(d).
1
Suppose w = -2*w + 15. Suppose -w*m + 28 = 3. Let u(q) = -7*q + 4. Let s(l) = -6*l + 3. Let v(f) = m*u(f) - 6*s(f). Determine v(-2).
0
Let t be 15/6 - (-2)/4. Suppose -3*n = -3 - t. Let z(k) = 2*k**2 - 3*k**2 + 9*k**n. What is z(1)?
8
Let i(c) = 13*c - 1. Let t(z) = -z**3 + 15*z**2 - z + 16. Let d be t(15). Calculate i(d).
12
Let m(b) = b - 1. Let x be 9/6*(-128)/24. Calculate m(x).
-9
Suppose 0 = 3*r - 4*r - 3*u + 16, -3*u + 48 = 3*r. Suppose -5*x = -0*x - 3*p - 12, 5*x + 4*p + r = 0. Let i(f) = f**3 + f**2 + f - 6. Give i(x).
-6
Let t(i) = i + 1. Suppose 6*a = 5 + 1. Give t(a).
2
Let l(t) = -t**3 + 2*t**2 + t - 1. Let w = 33 + -30. Calculate l(w).
-7
Suppose l - 8 = 2*a, 4*a + 9 = 4*l - 11. Let d(b) = -4 - 2*b + l + 4. Let r = 6 + -4. What is d(r)?
-2
Let f(c) = c**3 - 5*c**2 - 3*c + 2. Let y be ((-2)/6 + 2)/(3/9). What is f(y)?
-13
Let i(j) = j**3 + 4*j**2 + 2*j - 1. Let x be i(-3). Let l be 6/(-9)*(-9)/x. Suppose l*n = 6*n + q + 18, -q - 28 = 5*n. Let v(g) = -g - 5. Calculate v(n).
0
Let l(i) = 11*i**3 + 9*i**2 - 6*i - 8. Let n(d) = 4*d**3 + 3*d**2 - 2*d - 3. Let w(r) = -3*l(r) + 8*n(r). Let h = 15 - 18. What is w(h)?
-6
Let l be (-15)/10*(-12)/(-9). Let x(d) = -d**3 + 3*d + 2. What is x(l)?
4
Suppose 0 = -5*r - 28 + 78. Suppose -t + r = t. Suppose 3*z + u - 1 = t*u, -u = 4*z + 24. Let f(d) = d**2 + 5*d + 2. Give f(z).
2
Let s be (-1 + 1)*(-3)/(-6). Let g = s + -1. Let a be 2 + 1*-7 - g. Let y(n) = -n**2 - 2*n + 2. Give y(a).
-6
Let a(r) = r + 4. Let q(j) = 5. Let t = -9 - -4. Let k(c) = t*a(c) + 4*q(c). Give k(1).
-5
Suppose -4*t = -21 + 1. Let o(j) = 2*j. Give o(t).
10
Let l(z) be the second derivative of -z**5/120 - z**4/12 + 2*z**3/3 + z. Let v(q) be the second derivative of l(q). Determine v(0).
-2
Let c(r) = r - 6. Let l(n) = -2*n + 12. Let a(g) = -2*g. Let m be a(-2). Let j(d) = m*l(d) + 9*c(d). Give j(5).
-1
Let r(x) = -x + 1. Let f = 1 - -1. Let h(q) = -q**3 + 3*q**2 - q. Let o be h(f). Suppose 3*y - o*y = 0. Calculate r(y).
1
Let g(y) = 27*y - 28*y - 1 - 4. Determine g(4).
-9
Let m(l) = -l**3 + 2*l**2 + 2*l - 3. Let i be (-12)/(-5)*30/(-9). Let d be i/(-16) + (-26)/4. Let q = 8 + d. Give m(q).
1
Suppose -f + 5*t = 19, -4*f - 13 = t - 0*t. Let c(d) be the second derivative of -2*d + 0 - 1/3*d**3 - 3/2*d**2. Calculate c(f).
5
Let y(l) = -l**2 - 2*l. Let f be y(-3). Let v(z) = z**3 + 5*z**2 - z + 1. Let k(s) = s**3 + 5*s**2 - 2*s + 2. Let a(p) = 4*k(p) - 5*v(p). Determine a(f).
-6
Let b(a) = -a**3 - 7*a**2 - 3*a + 7. Let v = -6 - 0. Give b(v).
-11
Suppose 8 = 2*i, -78 = -5*k - i - i. Let g be (36/k)/((-3)/(-14)). Suppose -2*d = -4*l - g, -3*l = -l - 2*d + 6. Let y(x) = -x**2 - 3*x + 2. Calculate y(l).
2
Let o(a) = -5*a**3. Let q be o(-1). Let r(x) = x**3 - 6*x**2 + 3*x + 5. Let b be r(q). Let z be 12/(-30) + (-17)/b. Let m(p) = p**2 - 2*p + 1. What is m(z)?
4
Let i(k) = k**2 - k - 1. Let n(f) = 6*f**2 - 4*f - 6. Let t(p) = -4*i(p) + n(p). Calculate t(-2).
6
Let b(c) = 2*c - 1. Let o be (-2)/4*(-6 + 4). Calculate b(o).
1
Let d(k) = -6*k - 14. Let o be d(-3). Let q(p) = 0*p**2 - p**2 - 2 - p**3 - 2*p + 6*p**2. Calculate q(o).
6
Let b = -39 + 33. Let g(p) = -p**3 - 6*p**2 + 2*p - 2. Determine g(b).
-14
Let h(a) = -a**3 - 7*a**2 - 4*a + 6. Let u be h(-6). Let g(c) = -c**3 - 5*c**2 + 5*c - 6. Determine g(u).
0
Let j(r) = -r**2 + 4*r + 2. Let n(f) = 3*f - 20. Let l be n(9). Calculate j(l).
-19
Let c(l) = l**2 + 9*l - 36. Let y be c(-12). Let m(q) = -q + 2. Calculate m(y).
2
Let n(q) be the second derivative of q**5/60 - q**4/12 - 2*q**3/3 - 3*q**2/2 - 2*q. Let z(s) be the first derivative of n(s). What is z(-3)?
11
Let d(r) = -5*r**3 - 7*r**2 - r + 5. Let b(x) = 5*x**3 + 8*x**2 + x - 6. Let v be (-28)/4 - (-1 + 0). Let o(y) = v*b(y) - 7*d(y). What is o(-1)?
-4
Let p(c) be the second derivative of c**5/20 - c**4/6 - 2*c**3/3 + c**2 - c. Let h be 6/30 + (-9)/(135/(-42)). Calculate p(h).
-1
Let k(v) = v**2 - 4*v - 5. Let q(h) = h**3 + 3*h**2 - 4*h - 4. Let m be q(-3). Suppose -2*o - 2*o = m. Let b be 3 - (o - (2 + -3)). Give k(b).
-5
Let j be (-4)/(-3)*6/(-4). Suppose -3*s + 2*s + 7 = 0. Let g(n) = -4 + 2*n + s - 1. Determine g(j).
-2
Let m(g) = -18*g - 2. Let c be m(-1). Let x = 15 - c. Let v(i) be the third derivative of 7*i**5/60 + i**4/24 + i**3/6 - i**2. What is v(x)?
7
Let w(c) be the first derivative of -c**2/2 + 3*c - 9. Determine w(-5).
8
Let i(r) be the second derivative of r**3/6 - 3*r**2/2 - r. Let o = 24 + -30. Give i(o).
-9
Let x(o) = -o**3 - 5*o**2 + 2*o + 2. Suppose -k + 3*k = 4. Let v be (k + 0 + -2)*1. Suppose 3*t + 14 + 1 = v. Give x(t).
-8
Let q(p) = p**3 + 3*p + 2. Let m(x) = 3*x**3 + x**2 + 7*x + 5. Let t be (-6)/4*8/(-6). Let o(f) = t*m(f) - 5*q(f). Let h = -2 + 3. What is o(h)?
2
Let m(u) = 2*u**2 + 3*u + 3. Suppose 2*q = 5*q + 6. Give m(q).
5
Suppose 7 + 17 = 4*m. Let u(x) = 3*x**2 + x - m + 3 - 4*x**2. Give u(0).
-3
Let p(d) = -d + 3. Suppose -4*z = v - 2*v - 28, v - 17 = -5*z. Determine p(v).
11
Let u(m) be the first derivative of m**4/4 - 2*m**3 - 3*m**2/2 + 2*m + 3. Give u(6).
-16
Let f(x) be the third derivative of 3/2*x**3 + 1/12*x**4 + 0 + 0*x - 2*x**2. What is f(-7)?
-5
Let z(w) = -6*w**3 - 10*w**2 - 6*w + 6. Let d(o) = 5*o**3 + 9*o**2 + 6*o - 6. Let r(s) = -7*d(s) - 6*z(s). What is r(4)?
-2
Let r(s) = 8*s - 2. Let a(x) = -x - 1. Let q(z) = 2*a(z) - r(z). Suppose -t - 1 = 5*o, t + 8 = 3*t. Give q(o).
10
Let g(o) be the third derivative of -o**5/40 + o**4/8 + o**3/3 - 2*o**2. Let t(d) be the first derivative of g(d). What is t(3)?
-6
Let p(s) be the first derivative of -s**3/3 - 2*s**2 - 2*s - 1. Let c(w) = -w**3 - 11*w**2 - 5. Let j be c(-11). Determine p(j).
-7
Let r be (-5)/2 - (-1)/(-2). Let v(k) = 2*k - 2 - 2*k + k**2 + 6*k - 3*k. What is v(r)?
-2
Suppose t + 7*j = 2*j + 27, 2*t - 4*j + 16 = 0. Let c(f) = -f - 1. Let m(o) = -1. Let a be 2/8 - 52/16. Let k(l) = a*m(l) + c(l). What is k(t)?
0
Let f be 2*-1*(-1 + 3). Let j(c) be the second derivative of c**4/12 + c**3/2 - c**2 + 2*c. Determine j(f).
2
Let k(z) = -2*z + 1. Let i be (1 + 0 + -1)/(-1). Suppose 5*g = q + 13, i*g = 5*g - 15. Suppose q*t = -t + 2*o + 13, 2*t = 2*o + 12. Calculate k(t).
-1
Let p(g) = g**3 + 4*g**2 - g - 1. Let z be p(-4). Suppose -5*b + 23 = -z*x, 0 = 5*x - 8*b + 3*b + 25. Let o(n) = n**3 - n. Give o(x).
0
Let o(b) = 3*b**3 - 15*b**2 + 3*b + 7. Let f(h) = -h**3 + 7*h**2 - h - 3. Let z(l) = 5*f(l) + 2*o(l). Calculate z(-5).
-6
Let k(y) = -2*y**2 - 4*y - 2. Let o be 36/(-24)*(0 + 2). What is k(o)?
-8
Suppose -4*v + 2 = -14. Let m(o) = v - 1 + 0 - o + 0. Give m(4).
-1
Suppose -5*p = -5*o + 17 - 2, -3*p = -3. Let q(b) = b**2 - 6*b + 5. Determine q(o).
-3
Let x(r) = r + 5. Let k(s) = -5. Let j(v) = 3*k(v) + 2*x(v). Calculate j(4).
3
Let o(v) = 7*v + 2. Let i(m) = -2*m**2 + 9*m - 6. Let z be i(4). Determine o(z).
-12
Let w(i) be the third derivative of -i**8/6720 + i**7/504 - i**6/144 - i**5/60 + i**4/12 - 3*i**2. Let j(v) be the second derivative of w(v). Give j(4).
-6
Let w = 61 + -59. Let m(t) be the first derivative of 8*t - 2 + 1/2*t**w. What is m(-5)?
3
Let g(v) = 2*v**2 - 7*v + 3. Let x = 93 - 88. Calculate g(x).
18
Let d = 17 + -10. Let x = -4 + d. Let y(m) = -2*m**2 + 5*m + 1 - 5 + 0*m**2. Calculate y(x).
-7
Suppose -13 = -v - 4*a, 0*a - 6 = -2*v - 3*a. Let k =